{"id":2150,"date":"2014-05-05T11:37:42","date_gmt":"2014-05-05T09:37:42","guid":{"rendered":"https:\/\/www.galde.eu\/?page_id=2150"},"modified":"2014-05-05T12:04:33","modified_gmt":"2014-05-05T10:04:33","slug":"gurutz-jauregui-bereciartu","status":"publish","type":"page","link":"https:\/\/www.galde.eu\/es\/gurutz-jauregui-bereciartu\/","title":{"rendered":"Gurutz J\u00e1uregui Bereciartu"},"content":{"rendered":"<p>Gurutz J\u00e1uregui Bereciartu. Catedr\u00e1tico de Derecho Constitucional de la Universidad del Pa\u00eds Vasco. Ha sido Vicerrector de la Universidad del Pa\u00eds Vasco, Decano de la Facultad de Derecho, y Director del Departamento de Derecho Constitucional y Administrativo.\u00a0Premio Euskadi de Investigaci\u00f3n en Ciencias Humanas y Sociales 2004, otorgado por el Gobierno Vasco al mejor Curr\u00edculo del Pa\u00eds Vasco en Ciencias Sociales y Humanidades.\u00a0Miembro de n\u00famero de Jakiunde: Academia de las Ciencias, las Artes y las Letras del Pa\u00eds Vasco.<\/p>\n<p><a title=\"Entrevista a Gurutz J\u00e1uregui Bereciartu\" href=\"https:\/\/www.galde.eu\/entrevista-a-gurutz-jauregui-bereciartu\/\">Entrevista a\u00a0Gurutz J\u00e1uregui Bereciartu en la revista\u00a0Galde 05, invierno 2014<\/a><\/p>\n<p>&nbsp;<\/p>","protected":false},"excerpt":{"rendered":"<p>Gurutz J\u00e1uregui Bereciartu. Catedr\u00e1tico de Derecho Constitucional de la Universidad del Pa\u00eds Vasco. Ha sido Vicerrector de la Universidad del Pa\u00eds Vasco, Decano de la Facultad de Derecho, y Director del Departamento de Derecho Constitucional y Administrativo.\u00a0Premio Euskadi de Investigaci\u00f3n en Ciencias Humanas y Sociales 2004, otorgado por el Gobierno Vasco al mejor Curr\u00edculo del [&hellip;]<\/p>\n","protected":false},"author":2,"featured_media":2152,"parent":0,"menu_order":0,"comment_status":"closed","ping_status":"open","template":"","meta":{"footnotes":""},"class_list":["post-2150","page","type-page","status-publish","has-post-thumbnail","hentry"],"_links":{"self":[{"href":"https:\/\/www.galde.eu\/es\/wp-json\/wp\/v2\/pages\/2150","targetHints":{"allow":["GET"]}}],"collection":[{"href":"https:\/\/www.galde.eu\/es\/wp-json\/wp\/v2\/pages"}],"about":[{"href":"https:\/\/www.galde.eu\/es\/wp-json\/wp\/v2\/types\/page"}],"author":[{"embeddable":true,"href":"https:\/\/www.galde.eu\/es\/wp-json\/wp\/v2\/users\/2"}],"replies":[{"embeddable":true,"href":"https:\/\/www.galde.eu\/es\/wp-json\/wp\/v2\/comments?post=2150"}],"version-history":[{"count":0,"href":"https:\/\/www.galde.eu\/es\/wp-json\/wp\/v2\/pages\/2150\/revisions"}],"wp:featuredmedia":[{"embeddable":true,"href":"https:\/\/www.galde.eu\/es\/wp-json\/wp\/v2\/media\/2152"}],"wp:attachment":[{"href":"https:\/\/www.galde.eu\/es\/wp-json\/wp\/v2\/media?parent=2150"}],"curies":[{"name":"wp","href":"https:\/\/api.w.org\/{rel}","templated":true}]}}

Gurutz Jáuregui Bereciartu

<p>Gurutz Jáuregui Bereciartu. Catedrático de Derecho Constitucional de la Universidad del País Vasco. Ha sido Vicerrector de la Universidad del País Vasco, Decano de la Facultad de Derecho, y Director del Departamento de Derecho Constitucional y Administrativo. Premio Euskadi de Investigación en Ciencias Humanas y Sociales 2004, otorgado por el Gobierno Vasco al mejor Currículo del País Vasco en Ciencias Sociales y Humanidades. Miembro de número de Jakiunde: Academia de las Ciencias, las Artes y las Letras del País Vasco.</p>
<p><a title="Entrevista a Gurutz Jáuregui Bereciartu" href="https://www.galde.eu/entrevista-a-gurutz-jauregui-bereciartu/">Entrevista a Gurutz Jáuregui Bereciartu en la revista Galde 05, invierno 2014</a></p>
<p>&nbsp;</p>

<p>Gurutz Jáuregui Bereciartu. Catedrático de Derecho Constitucional de la Universidad del País Vasco. Ha sido Vicerrector de la Universidad del País Vasco, Decano de la Facultad de Derecho, y Director del Departamento de Derecho Constitucional y Administrativo. Premio Euskadi de Investigación en Ciencias Humanas y Sociales 2004, otorgado por el Gobierno Vasco al mejor Currículo del [&hellip;]</p>
